{"id":118,"date":"2024-04-26T05:31:29","date_gmt":"2024-04-26T03:31:29","guid":{"rendered":"https:\/\/redescord.com.co\/?page_id=118"},"modified":"2024-04-26T05:55:00","modified_gmt":"2024-04-26T03:55:00","slug":"sector-farmaceutico","status":"publish","type":"page","link":"https:\/\/redescord.com.co\/?page_id=118","title":{"rendered":"Sector farmac\u00e9utico"},"content":{"rendered":"<p>Realizamos consultor\u00eda y levantamiento de la informaci\u00f3n. Posterior a ello, procedemos a la construcci\u00f3n de formatos para las validaciones de sistemas computarizados y hojas de c\u00e1lculo.<\/p>\n<p>Hacemos el acompa\u00f1amiento en las certificaciones de su empresa, siendo la mano derecha de los qu\u00edmicos farmac\u00e9uticos en el proceso de validaci\u00f3n ante las entidades regulatorias.<\/p>\n<p>Estos son algunos de nuestros clientes en el sector farmac\u00e9utico:<\/p>\n<p>&nbsp;<\/p>\n<ul>\n<li>Laboratorio Ads Pharma.<\/li>\n<li>Laboratorio Nevox Farma.<\/li>\n<li>Laboratorio Finlay.<\/li>\n<li>Laboratorio Knovel.<\/li>\n<\/ul>\n","protected":false},"excerpt":{"rendered":"<p>Realizamos consultor\u00eda y levantamiento de la informaci\u00f3n. Posterior a ello, procedemos a la construcci\u00f3n de formatos para las validaciones de sistemas computarizados y hojas de c\u00e1lculo. Hacemos el acompa\u00f1amiento en las certificaciones de su empresa, siendo la mano derecha de los qu\u00edmicos farmac\u00e9uticos en el proceso de validaci\u00f3n ante las entidades regulatorias. Estos son algunos [&hellip;]<\/p>\n","protected":false},"author":1,"featured_media":0,"parent":87,"menu_order":1,"comment_status":"closed","ping_status":"closed","template":"","meta":{"footnotes":""},"class_list":["post-118","page","type-page","status-publish","hentry"],"yoast_head":"<!-- This site is optimized with the Yoast SEO plugin v22.5 - https:\/\/yoast.com\/wordpress\/plugins\/seo\/ -->\n<title>Sector farmac\u00e9utico - RedesCord<\/title>\n<meta name=\"robots\" content=\"index, follow, max-snippet:-1, max-image-preview:large, max-video-preview:-1\" \/>\n<link rel=\"canonical\" href=\"https:\/\/redescord.com.co\/?page_id=118\" \/>\n<meta property=\"og:locale\" content=\"es_ES\" \/>\n<meta property=\"og:type\" content=\"article\" \/>\n<meta property=\"og:title\" content=\"Sector farmac\u00e9utico - RedesCord\" \/>\n<meta property=\"og:description\" content=\"Realizamos consultor\u00eda y levantamiento de la informaci\u00f3n. Posterior a ello, procedemos a la construcci\u00f3n de formatos para las validaciones de sistemas computarizados y hojas de c\u00e1lculo. Hacemos el acompa\u00f1amiento en las certificaciones de su empresa, siendo la mano derecha de los qu\u00edmicos farmac\u00e9uticos en el proceso de validaci\u00f3n ante las entidades regulatorias. Estos son algunos [&hellip;]\" \/>\n<meta property=\"og:url\" content=\"https:\/\/redescord.com.co\/?page_id=118\" \/>\n<meta property=\"og:site_name\" content=\"RedesCord\" \/>\n<meta property=\"article:modified_time\" content=\"2024-04-26T03:55:00+00:00\" \/>\n<meta name=\"twitter:card\" content=\"summary_large_image\" \/>\n<meta name=\"twitter:label1\" content=\"Tiempo de lectura\" \/>\n\t<meta name=\"twitter:data1\" content=\"1 minuto\" \/>\n<script type=\"application\/ld+json\" class=\"yoast-schema-graph\">{\"@context\":\"https:\/\/schema.org\",\"@graph\":[{\"@type\":\"WebPage\",\"@id\":\"https:\/\/redescord.com.co\/?page_id=118\",\"url\":\"https:\/\/redescord.com.co\/?page_id=118\",\"name\":\"Sector farmac\u00e9utico - RedesCord\",\"isPartOf\":{\"@id\":\"https:\/\/redescord.com.co\/#website\"},\"datePublished\":\"2024-04-26T03:31:29+00:00\",\"dateModified\":\"2024-04-26T03:55:00+00:00\",\"breadcrumb\":{\"@id\":\"https:\/\/redescord.com.co\/?page_id=118#breadcrumb\"},\"inLanguage\":\"es\",\"potentialAction\":[{\"@type\":\"ReadAction\",\"target\":[\"https:\/\/redescord.com.co\/?page_id=118\"]}]},{\"@type\":\"BreadcrumbList\",\"@id\":\"https:\/\/redescord.com.co\/?page_id=118#breadcrumb\",\"itemListElement\":[{\"@type\":\"ListItem\",\"position\":1,\"name\":\"Portada\",\"item\":\"https:\/\/redescord.com.co\/\"},{\"@type\":\"ListItem\",\"position\":2,\"name\":\"Clientes\",\"item\":\"https:\/\/redescord.com.co\/?page_id=87\"},{\"@type\":\"ListItem\",\"position\":3,\"name\":\"Sector farmac\u00e9utico\"}]},{\"@type\":\"WebSite\",\"@id\":\"https:\/\/redescord.com.co\/#website\",\"url\":\"https:\/\/redescord.com.co\/\",\"name\":\"Redescord\",\"description\":\"Soluciones tecnol\u00f3gicas a la medida de su empresa o negocio\",\"publisher\":{\"@id\":\"https:\/\/redescord.com.co\/#organization\"},\"potentialAction\":[{\"@type\":\"SearchAction\",\"target\":{\"@type\":\"EntryPoint\",\"urlTemplate\":\"https:\/\/redescord.com.co\/?s={search_term_string}\"},\"query-input\":\"required name=search_term_string\"}],\"inLanguage\":\"es\"},{\"@type\":\"Organization\",\"@id\":\"https:\/\/redescord.com.co\/#organization\",\"name\":\"Redescord\",\"url\":\"https:\/\/redescord.com.co\/\",\"logo\":{\"@type\":\"ImageObject\",\"inLanguage\":\"es\",\"@id\":\"https:\/\/redescord.com.co\/#\/schema\/logo\/image\/\",\"url\":\"https:\/\/redescord.com.co\/wp-content\/uploads\/2024\/04\/cropped-LOGO-RedesCord-2024-2.png\",\"contentUrl\":\"https:\/\/redescord.com.co\/wp-content\/uploads\/2024\/04\/cropped-LOGO-RedesCord-2024-2.png\",\"width\":512,\"height\":512,\"caption\":\"Redescord\"},\"image\":{\"@id\":\"https:\/\/redescord.com.co\/#\/schema\/logo\/image\/\"}}]}<\/script>\n<!-- \/ Yoast SEO plugin. -->","yoast_head_json":{"title":"Sector farmac\u00e9utico - RedesCord","robots":{"index":"index","follow":"follow","max-snippet":"max-snippet:-1","max-image-preview":"max-image-preview:large","max-video-preview":"max-video-preview:-1"},"canonical":"https:\/\/redescord.com.co\/?page_id=118","og_locale":"es_ES","og_type":"article","og_title":"Sector farmac\u00e9utico - RedesCord","og_description":"Realizamos consultor\u00eda y levantamiento de la informaci\u00f3n. Posterior a ello, procedemos a la construcci\u00f3n de formatos para las validaciones de sistemas computarizados y hojas de c\u00e1lculo. Hacemos el acompa\u00f1amiento en las certificaciones de su empresa, siendo la mano derecha de los qu\u00edmicos farmac\u00e9uticos en el proceso de validaci\u00f3n ante las entidades regulatorias. Estos son algunos [&hellip;]","og_url":"https:\/\/redescord.com.co\/?page_id=118","og_site_name":"RedesCord","article_modified_time":"2024-04-26T03:55:00+00:00","twitter_card":"summary_large_image","twitter_misc":{"Tiempo de lectura":"1 minuto"},"schema":{"@context":"https:\/\/schema.org","@graph":[{"@type":"WebPage","@id":"https:\/\/redescord.com.co\/?page_id=118","url":"https:\/\/redescord.com.co\/?page_id=118","name":"Sector farmac\u00e9utico - RedesCord","isPartOf":{"@id":"https:\/\/redescord.com.co\/#website"},"datePublished":"2024-04-26T03:31:29+00:00","dateModified":"2024-04-26T03:55:00+00:00","breadcrumb":{"@id":"https:\/\/redescord.com.co\/?page_id=118#breadcrumb"},"inLanguage":"es","potentialAction":[{"@type":"ReadAction","target":["https:\/\/redescord.com.co\/?page_id=118"]}]},{"@type":"BreadcrumbList","@id":"https:\/\/redescord.com.co\/?page_id=118#breadcrumb","itemListElement":[{"@type":"ListItem","position":1,"name":"Portada","item":"https:\/\/redescord.com.co\/"},{"@type":"ListItem","position":2,"name":"Clientes","item":"https:\/\/redescord.com.co\/?page_id=87"},{"@type":"ListItem","position":3,"name":"Sector farmac\u00e9utico"}]},{"@type":"WebSite","@id":"https:\/\/redescord.com.co\/#website","url":"https:\/\/redescord.com.co\/","name":"Redescord","description":"Soluciones tecnol\u00f3gicas a la medida de su empresa o negocio","publisher":{"@id":"https:\/\/redescord.com.co\/#organization"},"potentialAction":[{"@type":"SearchAction","target":{"@type":"EntryPoint","urlTemplate":"https:\/\/redescord.com.co\/?s={search_term_string}"},"query-input":"required name=search_term_string"}],"inLanguage":"es"},{"@type":"Organization","@id":"https:\/\/redescord.com.co\/#organization","name":"Redescord","url":"https:\/\/redescord.com.co\/","logo":{"@type":"ImageObject","inLanguage":"es","@id":"https:\/\/redescord.com.co\/#\/schema\/logo\/image\/","url":"https:\/\/redescord.com.co\/wp-content\/uploads\/2024\/04\/cropped-LOGO-RedesCord-2024-2.png","contentUrl":"https:\/\/redescord.com.co\/wp-content\/uploads\/2024\/04\/cropped-LOGO-RedesCord-2024-2.png","width":512,"height":512,"caption":"Redescord"},"image":{"@id":"https:\/\/redescord.com.co\/#\/schema\/logo\/image\/"}}]}},"_links":{"self":[{"href":"https:\/\/redescord.com.co\/index.php?rest_route=\/wp\/v2\/pages\/118","targetHints":{"allow":["GET"]}}],"collection":[{"href":"https:\/\/redescord.com.co\/index.php?rest_route=\/wp\/v2\/pages"}],"about":[{"href":"https:\/\/redescord.com.co\/index.php?rest_route=\/wp\/v2\/types\/page"}],"author":[{"embeddable":true,"href":"https:\/\/redescord.com.co\/index.php?rest_route=\/wp\/v2\/users\/1"}],"replies":[{"embeddable":true,"href":"https:\/\/redescord.com.co\/index.php?rest_route=%2Fwp%2Fv2%2Fcomments&post=118"}],"version-history":[{"count":4,"href":"https:\/\/redescord.com.co\/index.php?rest_route=\/wp\/v2\/pages\/118\/revisions"}],"predecessor-version":[{"id":134,"href":"https:\/\/redescord.com.co\/index.php?rest_route=\/wp\/v2\/pages\/118\/revisions\/134"}],"up":[{"embeddable":true,"href":"https:\/\/redescord.com.co\/index.php?rest_route=\/wp\/v2\/pages\/87"}],"wp:attachment":[{"href":"https:\/\/redescord.com.co\/index.php?rest_route=%2Fwp%2Fv2%2Fmedia&parent=118"}],"curies":[{"name":"wp","href":"https:\/\/api.w.org\/{rel}","templated":true}]}}